*o - 2112. What are the prime factors of x?
1583
Suppose y = -21 + 25. Suppose -b - y = 0, 8 = 2*k + 2*b + 2*b. Suppose -k*t = -8*t - 248. List the prime factors of t.
2, 31
Let c be ((-12)/8)/(4/(-8)). Suppose -c*d + 2*d + 387 = -2*z, d - 5*z - 372 = 0. List the prime factors of d.
397
List the prime factors of 3/(-7) + 716878075/17927 + (-8)/26.
2, 13, 769
Let h(y) = 1079*y**2 + 2*y - 15. Let a be h(-4). Let i be a/45 + (-4)/30. Let m = i + -242. List the prime factors of m.
3, 47
Let f = 7 - -235. Let o = 416 - f. List the prime factors of o.
2, 3, 29
Let q(b) = -77*b + 16. Let z = 13 - 8. Suppose -z*g = -5, 2*g + 5 = -3*k - 2. What are the prime factors of q(k)?
13, 19
Let s(r) = -5*r**2 + 4*r + 2. Let a = 54 + -52. Let z(u) = -4*u**2 + 5*u + 2. Let x(w) = a*s(w) - 3*z(w). List the prime factors of x(7).
47
Let u be (2031/(-15))/(9/(-45)). Let a = -51 + u. List the prime factors of a.
2, 313
Suppose -5*h - 5*u = -h - 1, -3*h - 3 = 5*u. Let f(p) = p**2 + p - 5. Let l be f(h). Suppose 19*z = l*z + 60. What are the prime factors of z?
3, 5
Suppose -9*v = 13*v - 457908. Suppose -16*g = -322 - v. List the prime factors of g.
1321
Let h = -210 + 212. Suppose l + 3338 = h*k - l, 0 = -3*l - 9. List the prime factors of k.
2, 7, 17
Let s = 79 + -77. Let q(h) = 137*h**2 - 271*h**2 - 6 + 136*h**s - 20*h. List the prime factors of q(16).
2, 3, 31
Let a(r) = 13*r**2 - r - 25. Suppose -7*n + 85 = 10*n. What are the prime factors of a(n)?
5, 59
What are the prime factors of (55/22*(-258)/(-30))/((-1)/(-3290))?
5, 7, 43, 47
Let j be ((-2)/3)/((-30)/(-45)). List the prime factors of (j + -3)/((-42)/35)*57.
2, 5, 19
List the prime factors of 854/488 - 70346/(-8).
5, 1759
Let z be (-4 + (0 - -4))/(-1 + 0). Suppose -10*l + 9*l + v + 19 = 0, z = -4*v - 16. List the prime factors of l.
3, 5
Suppose -5*t - m + 0*m = -295, 5*t - 5*m - 325 = 0. Let n = 9 + t. List the prime factors of n.
3, 23
Let b = -128 - 16. Let l = 785 - b. List the prime factors of l.
929
Suppose 41122 = 2*k + 4*z, -4*k - 3961 + 86217 = 2*z. What are the prime factors of k?
3, 5, 457
Suppose 9*m = 9364 + 4280. Suppose q = -z + 698 + 813, -2*q = z - m. List the prime factors of z.
2, 3, 251
Let o be ((-14743)/(-23))/((-1)/(-15)). Suppose 81 = 24*y - o. List the prime factors of y.
2, 101
Let t be 35/6 - (-4)/24. Let d(b) = b**3 - 6*b**2 + 4. Let v be d(t). Suppose v*y + 5*r + 50 = 717, -15 = -5*r. What are the prime factors of y?
163
Let s be 4*(-3)/(-30) + 36/10. Suppose -b + 928 = s*w, 2*w - b - 462 = -2*b. Suppose -2*x - r = -w, -3*r + 243 = 2*x - 0*x. What are the prime factors of x?
2, 3, 19
Let c(y) = -y**2 - 3*y + 12. Let d be c(0). Suppose -d = -9*z + 5*z. Suppose z*w - 165 = -0*w. What are the prime factors of w?
5, 11
Suppose 0 = -8*j - 102 - 306. Let y = -40 - j. What are the prime factors of y?
11
Let m(v) = 2*v**2 - 3 - 2 - 134*v - 3*v**2 + 123*v. What are the prime factors of m(-6)?
5
Suppose -20*f - 247 = -87. What are the prime factors of (-4 - (-8410)/5) + f?
2, 5, 167
Suppose 5*l + 5*v + 214 = -536, 5*l + 729 = 2*v. Let s = 411 + l. What are the prime factors of s?
2, 3, 11
Let g be 27*(16/3 - 4). Let a be (-15)/5 + (1 - -8). What are the prime factors of 1*3/a*g?
2, 3
Let z be (-80)/(-6 + 256/44). Let w = z + -79. What are the prime factors of w?
19
Let u be 1*(-2 + (-2 - -3)). Let f = -28 - u. List the prime factors of -5 - -3 - -3 - f.
2, 7
Suppose -4*f - 1522 = -3*z + 311, -4*z - f + 2463 = 0. Suppose 4*j - s = -1540, -4*s - 1023 - 923 = 5*j. Let b = z + j. List the prime factors of b.
229
Suppose 3*n - 2*z - 27398 = 0, -12*z + 15*z = -2*n + 18300. What are the prime factors of n?
2, 3, 1523
List the prime factors of 1*-7 + 131*(16 + (-5 - -3)).
3, 7, 29
Let l = -23 + 35. Let n(s) = 4*s**2 + 13*s - 23. List the prime factors of n(l).
709
List the prime factors of 2 - 0 - (-4 + 9) - -2275.
2, 71
Let p be (-4)/(-5) + 147/35. Suppose -r + 2*a + p = 0, -2*a + a = 2*r + 5. Let y(j) = -280*j**3 - 2*j**2 + 1. List the prime factors of y(r).
3, 31
Suppose -3*a + 5*l - 73 - 6 = 0, -2*a - 61 = 5*l. Let t be (-1)/(((-2)/4)/(a/(-8))). What are the prime factors of ((-6)/t)/(2/(-322)) + -2?
2, 17
Suppose 15*y - 2*w = 149165, -2*y + 19915 = 109*w - 104*w. List the prime factors of y.
3, 5, 13, 17
Let m = 210 - 201. Suppose -m*t = -14*t + 4*a + 7162, -3*t - 5*a + 4312 = 0. List the prime factors of t.
2, 3, 239
Let y(s) = 330*s + 10599. List the prime factors of y(-9).
3, 2543
Suppose -2*c + 65556 - 11214 = 7*c. List the prime factors of c.
2, 3019
Let g(q) = -4*q**3 + 2*q - 3. Suppose 3*v + 12 = h - 6*h, v = 2*h + 7. What are the prime factors of g(h)?
3, 11
Let u be (-6*1/1)/2. Let d be ((0 - u)/(-3))/(4/(-908)). Let v = -115 + d. What are the prime factors of v?
2, 7
Let g be 2445 - (11/22)/(1/(-2)). Suppose 356 = -5*v - 5*t + 4416, 3*v = -5*t + g. What are the prime factors of v?
3, 269
Suppose 5*y - 14 = 1. Suppose 0 = -2*q + p + 828, y*p = 5*p - 4. List the prime factors of q.
5, 83
Suppose -2*h + 6*s + 175 = 5*s, 0 = 5*h - 4*s - 430. Let t = h - -103. Let z = t - 36. What are the prime factors of z?
157
Suppose -29*y = -132512 - 454100. What are the prime factors of y?
2, 13, 389
Suppose 37 = 3*k + 8*s - 3*s, 2*k - 33 = -5*s. Let u be k + 3 + 8/(-2). Suppose u*q - 9*q + 114 = 0. What are the prime factors of q?
19
Let u = 7070 + 9209. What are the prime factors of u?
73, 223
Suppose -3*q + 774 = -3*d + 12, 777 = 3*q + 2*d. Let j = q + -127. What are the prime factors of j?
2, 5, 13
Let v(a) = 1697*a - 506. What are the prime factors of v(24)?
2, 7, 13, 17
Suppose -7*y = -3225 + 89. Suppose 0*k + 336 = 3*h + 2*k, -k = 4*h - y. What are the prime factors of h?
2, 7
Suppose -4*a + 249346 = 5*k, -3*k + 149631 = -345*a + 350*a. What are the prime factors of k?
2, 107, 233
Let w(i) = 35*i**3 + 5*i**2 - i - 1. Let f(r) = r**2 - 5*r + 1. Let z be f(-7). Let y = 87 - z. What are the prime factors of w(y)?
3, 11
Let l = 127 + -317. Let x(b) = -104*b - 2. Let o be x(1). Let m = o - l. List the prime factors of m.
2, 3, 7
Suppose -4*f + 1 + 3 = 0, -3*f - 51369 = -3*b. What are the prime factors of b?
2, 3, 1427
Suppose 0 = 56*v - 52*v - 12204. Suppose -c = 5*q + 3847, -3*c = 4*q + 20 + v. List the prime factors of q/(-15) + 3/(-9).
3, 17
Let y(p) = -p**3 + 2*p**2 + 11*p - 5. Let s be y(4). Suppose 0*m = s*m - 343. Let a = m + -36. What are the prime factors of a?
13
Let p = -383 + 373. Let v = p + 580. List the prime factors of v.
2, 3, 5, 19
Let w be (-2 + 1 - 0)*-257. Suppose -247*n = -w*n + 6840. What are the prime factors of n?
2, 3, 19
Let k(l) = 144*l**2 - 38*l - 480. List the prime factors of k(-9).
2, 3, 17, 113
Let u(v) = 2241*v + 1046. What are the prime factors of u(8)?
2, 53, 179
Let b = 198 + 15841. What are the prime factors of b?
43, 373
Let s(k) = -6*k - 29. Let t be s(13). Let g = 105 + t. Let n(u) = -5*u**3 + 5*u + 4. What are the prime factors of n(g)?
2, 17
Suppose 82*g = 86*g - 16. Suppose -g*z + 2*v = -10, 4*z + 4*v - 45 = -z. Suppose -4*m + 221 = -3*w, -3*m - z*w + w + 172 = 0. What are the prime factors of m?
2, 7
Suppose 3*q - 25 = -h, -3*h + 27*q - 28*q + 115 = 0. Suppose 5*p - h*w = -41*w + 5045, 0 = 5*p + 4*w - 5045. What are the prime factors of p?
1009
Let o = 44008 + 43788. What are the prime factors of o?
2, 47, 467
Let j = -103 - 364. Suppose 4*m + 1159 = -3*g, -2*m + 3*g - 4*g - 581 = 0. Let c = m - j. What are the prime factors of c?
5, 7
Let x be 1060 + (2 + -5)/3. Suppose 3*g = -5*i + x, -4*i - 5*g + 686 + 169 = 0. Let n = -83 + i. What are the prime factors of n?
127
Suppose 52744 = 8*c - 9496. What are the prime factors of c?
2, 5, 389
Let v = 9588 + -8009. List the prime factors of v.
1579
Let v(g) = -5*g**3 + 3*g**2 + 6*g + 12. Suppose -7*t - 30 = -9. What are the prime factors of v(t)?
2, 3, 13
Let v(m) = -262*m - 5332. List the prime factors of v(-105).
2, 13, 853
Let w = -2786 - -17474. What are the prime factors of w?
2, 3, 17
Let c = 88212 + -49196. List the prime factors of c.
2, 4877
Let n(d) = -d**2 - 5*d - 4. Let t be n(-4). Suppose c + t*c = 4*v + 18, c - 13 = 3*v. What are the prime factors of (18/(-12))/(c/76)?
3, 19
Suppose -2*q + 7*q = -2*p + 52, 5*p + 80 = 5*q. Let m be (-31)/(-5) - q/60. Suppose -149 = 2*x - m*x - 3*l, -x - l + 3